{"id":2,"date":"2016-05-10T03:48:21","date_gmt":"2016-05-10T03:48:21","guid":{"rendered":"http:\/\/wordpress2017.waldorfkindergarten-soest.de\/?page_id=2"},"modified":"2026-02-11T09:05:02","modified_gmt":"2026-02-11T09:05:02","slug":"sample-page","status":"publish","type":"page","link":"http:\/\/wordpress2017.waldorfkindergarten-soest.de\/","title":{"rendered":"Herzlich Willkommen"},"content":{"rendered":"<p data-start=\"246\" data-end=\"538\"><strong>Bei uns erleben die Kinder eine liebevolle, geborgene und famili\u00e4re Atmosph\u00e4re, in der sie sich frei entfalten k\u00f6nnen \u2013 ganz in ihrem eigenen Tempo.<\/strong><\/p>\n<p data-start=\"246\" data-end=\"538\">Wir begleiten sie achtsam auf ihrem Weg und schenken ihnen Raum f\u00fcr Fantasie, Kreativit\u00e4t und echtes Erleben.<\/p>\n<p>Lernen Sie uns gerne \u00fcber diese Webseite etwas n\u00e4her kennen.<br \/>Bei weiteren Fragen k\u00f6nnen Sie uns gerne auch, innerhalb der regul\u00e4ren \u00d6ffnungszeiten, telefonisch erreichen.<br \/>Telefon: 02921 \/ 33064<\/p>\n<p>Wir freuen uns auf Sie!<\/p>\n\n\n<p><\/p>\n","protected":false},"excerpt":{"rendered":"<p>Bei uns erleben die Kinder eine liebevolle, geborgene und famili\u00e4re Atmosph\u00e4re, in der sie sich frei entfalten k\u00f6nnen \u2013 ganz in ihrem eigenen Tempo. Wir begleiten sie achtsam auf ihrem Weg und schenken ihnen Raum f\u00fcr Fantasie, Kreativit\u00e4t und echtes Erleben. Lernen Sie uns gerne \u00fcber diese Webseite etwas n\u00e4her kennen.Bei weiteren Fragen k\u00f6nnen Sie &hellip; <\/p>\n<p class=\"link-more\"><a href=\"http:\/\/wordpress2017.waldorfkindergarten-soest.de\/\" class=\"more-link\"><span class=\"screen-reader-text\">\u201eHerzlich Willkommen\u201c <\/span>weiterlesen<\/a><\/p>\n","protected":false},"author":1,"featured_media":0,"parent":0,"menu_order":0,"comment_status":"closed","ping_status":"open","template":"","meta":{"footnotes":""},"class_list":["post-2","page","type-page","status-publish","hentry"],"_links":{"self":[{"href":"http:\/\/wordpress2017.waldorfkindergarten-soest.de\/index.php?rest_route=\/wp\/v2\/pages\/2","targetHints":{"allow":["GET"]}}],"collection":[{"href":"http:\/\/wordpress2017.waldorfkindergarten-soest.de\/index.php?rest_route=\/wp\/v2\/pages"}],"about":[{"href":"http:\/\/wordpress2017.waldorfkindergarten-soest.de\/index.php?rest_route=\/wp\/v2\/types\/page"}],"author":[{"embeddable":true,"href":"http:\/\/wordpress2017.waldorfkindergarten-soest.de\/index.php?rest_route=\/wp\/v2\/users\/1"}],"replies":[{"embeddable":true,"href":"http:\/\/wordpress2017.waldorfkindergarten-soest.de\/index.php?rest_route=%2Fwp%2Fv2%2Fcomments&post=2"}],"version-history":[{"count":7,"href":"http:\/\/wordpress2017.waldorfkindergarten-soest.de\/index.php?rest_route=\/wp\/v2\/pages\/2\/revisions"}],"predecessor-version":[{"id":233,"href":"http:\/\/wordpress2017.waldorfkindergarten-soest.de\/index.php?rest_route=\/wp\/v2\/pages\/2\/revisions\/233"}],"wp:attachment":[{"href":"http:\/\/wordpress2017.waldorfkindergarten-soest.de\/index.php?rest_route=%2Fwp%2Fv2%2Fmedia&parent=2"}],"curies":[{"name":"wp","href":"https:\/\/api.w.org\/{rel}","templated":true}]}}